{"version":"1.0","provider_name":"vadvirag","provider_url":"https:\/\/vadvirag.cafeblog.hu","author_name":"kisiren","author_url":"https:\/\/vadvirag.cafeblog.hu\/author\/kisiren-2-2\/","title":"B\u00facs\u00fa az \u00d3\u00e9vt\u0151l","html":"<p style=\"text-align: center; font-style: italic;\"><span style=\"color: rgb(0, 0, 255);\"><br><\/span><\/p><p style=\"text-align: center; font-style: italic;\"><span style=\"color: rgb(0, 0, 255);\">&nbsp;Indulsz, p\u00e1lyav\u00e9gezett \u00e9v,<\/span><br><span style=\"color: rgb(0, 0, 255);\">Menj... de v\u00e1rj, ne menj magad,<\/span><br><span style=\"color: rgb(0, 0, 255);\">S\u00f6t\u00e9t van a m\u00e1svil\u00e1gba'.<\/span><br><span style=\"color: rgb(0, 0, 255);\">J\u00f3 lesz egy kis \u00e9g\u0151 l\u00e1mpa:<\/span><br><span style=\"color: rgb(0, 0, 255);\">Vidd magaddal dalomat.<\/span><\/p><p style=\"text-align: center; font-style: italic; font-weight: bold;\"><span style=\"color: rgb(0, 0, 255);\">Pet\u0151fi S\u00e1ndor<\/span><\/p><p style=\"font-style: italic; text-align: left;\"><span style=\"color: rgb(0, 0, 255);\">vadvir\u00e1g<\/span><\/p><p style=\"text-align: left;\"><span style=\"font-style: italic;\"><span style=\"color: rgb(0, 0, 255);\">2011., \u00c1lom hava, 31. napja<\/span><\/span><br><\/p>","type":"rich"}

Búcsú az Óévtől

<p style="text-align: center; font-style: italic;"><span style="color: rgb(0, 0, 255);"><br></span></p><p style="text-align: center; font-style: italic;"><span style="color: rgb(0, 0, 255);">&nbsp;Indulsz, pályavégezett év,</span><br><span style="color: rgb(0, 0, 255);">Menj... de várj, ne menj magad,</span><br><span style="color: rgb(0, 0, 255);">Sötét van a másvilágba'.</span><br><span style="color: rgb(0, 0, 255);">Jó lesz egy kis égő lámpa:</span><br><span style="color: rgb(0, 0, 255);">Vidd magaddal dalomat.</span></p><p style="text-align: center; font-style: italic; font-weight: bold;"><span style="color: rgb(0, 0, 255);">Petőfi Sándor</span></p><p style="font-style: italic; text-align: left;"><span style="color: rgb(0, 0, 255);">vadvirág</span></p><p style="text-align: left;"><span style="font-style: italic;"><span style="color: rgb(0, 0, 255);">2011., Álom hava, 31. napja</span></span><br></p>
