{"version":"1.0","provider_name":"vadvirag","provider_url":"https:\/\/vadvirag.cafeblog.hu","author_name":"kisiren","author_url":"https:\/\/vadvirag.cafeblog.hu\/author\/kisiren-2-2\/","title":"Ilyen az \u00e9let","html":"<p style=\"font-style: italic;\"><span style=\"color: rgb(0, 0, 255);\">&nbsp;Az \u00e9let piriny\u00f3 cseppjei<\/span><br><\/p><p style=\"font-style: italic; text-align: justify;\"><span style=\"color: rgb(0, 0, 255);\">Egy meg\u00e1ll\u00f3t utazom a metr\u00f3val. D\u00e9lut\u00e1ni sokadalom, sok ember egy\u00fctt szorosan.Van szabad hely ,\u00e9ppen csak&nbsp; le\u00fcl\u00f6k<\/span><span style=\"color: rgb(0, 0, 255);\">, m\u00e1r k\u00e9sz\u00fcl\u0151d\u00e9s a lesz\u00e1ll\u00e1shoz, amikor a bels\u0151 ajt\u00f3 mellett dulakod\u00e1sra, hangoskod\u00e1sra figyelek. Egy egyetemista&nbsp; kor\u00fa fiatalembernek esett neki k\u00e9t m\u00e1sik emberke. Valamit szeretn\u00e9nek&nbsp; elvenni t\u0151le, de \u0151 nem adja, ez\u00e9rt a kigy\u00fartabb j\u00f3 nagyokat beh\u00faz neki, majd a kisebbik a padl\u00f3ra esett fi\u00faba k\u00e9tszer j\u00f3kor\u00e1t beler\u00fag.<\/span><\/p><p style=\"font-style: italic; text-align: justify;\"><span style=\"color: rgb(0, 0, 255);\">Pillanatok alatt t\u00f6rt\u00e9nik az eset, m\u00e1r meg is \u00e1lltunk<\/span><span style=\"color: rgb(0, 0, 255);\">. A k\u00e9t \"nagyleg\u00e9ny\", leugrik, a fi\u00fa a padl\u00f3n...M\u00e9g hallani, ahogy diadallal kiab\u00e1lj\u00e1k egym\u00e1snak:-J\u00f3t beh\u00faztam neki! -\u00c9n meg j\u00f3 nagyokat r\u00fagtam bel\u00e9!-, majd nevetve elt\u0171nnek a t\u00f6megben.<\/span><\/p><p style=\"font-style: italic; text-align: justify;\"><span style=\"color: rgb(0, 0, 255);\">Vajon ki lesz a k\u00f6vetkez\u0151 \u00e1ldozatuk?!<\/span><\/p><p style=\"font-style: italic; text-align: justify;\">----<br><\/p><p style=\"font-style: italic; text-align: justify;\"><span style=\"color: rgb(0, 0, 255);\">Ismer\u0151ssel tal\u00e1lkozom, mes\u00e9li, hogy festeni fog, mert lementett k\u00e9peimet az internetr\u0151l, amiket&nbsp; szeretne megfesteni. \u00c9n meg azon t\u0171n\u0151d\u00f6m, hogy az esz\u00e9be sem jut, hogy els\u00e9t\u00e1ljon&nbsp; arra a k\u00f6zeli helyre, \u00e9s tal\u00e1n azt kellene meg\u00f6r\u00f6k\u00edtenie, amit \u0151 l\u00e1t, a saj\u00e1t szem\u00e9vel...<\/span><span style=\"color: rgb(0, 0, 255);\">Nem egyszer\u0171bb a m\u00e1s\u00e9t felhaszn\u00e1lni?<\/span><\/p><p style=\"font-style: italic; text-align: justify;\">----<br><\/p><p style=\"font-style: italic; text-align: justify;\"><span style=\"color: rgb(0, 0, 255);\">P\u00e1ly\u00e1zat gyerekeknek. Mit l\u00e1tok&nbsp; az eredm\u00e9nyhirdet\u00e9skor?<\/span><span style=\"color: rgb(0, 0, 255);\">A neten l\u00e9v\u0151 k\u00e9peim k\u00f6z\u00fcl nem is egy szerepel a beadott munk\u00e1kban. Ez bizony&nbsp; elgondolkodtat...Jobb volna innen m\u00e1r elk\u00f6lt\u00f6zni.<br><\/span><\/p><p style=\"font-style: italic; text-align: justify;\">&nbsp;----<br><\/p><p style=\"font-style: italic; text-align: justify;\"><span style=\"color: rgb(0, 0, 255);\">A klub eln\u00f6ke telefon\u00e1l, a nevet\u00e9st\u0151l alig tud sz\u00f3lni. Klubtagokkal tal\u00e1lkozott, akik mes\u00e9lt\u00e9k neki,&nbsp; eln\u00e9ztek egy esem\u00e9ny id\u0151pontj\u00e1t, \u00e9s egy h\u00e9ttel el\u0151bb mentek megnyit\u00f3ra, mint kellett volna.A faluban meg csak csod\u00e1lkoztak rajtuk.<\/span><\/p><p style=\"font-style: italic; text-align: justify;\"><span style=\"color: rgb(0, 0, 255);\">H\u00e1nyszor vagyunk \u00edgy e z\u0171r\u00f6s, kapkod\u00f3 vil\u00e1gban, hogy nem arra figyel\u00fcnk el\u00e9gg\u00e9, amire kellene...<\/span><\/p><p style=\"font-style: italic; text-align: justify;\"><span style=\"color: rgb(0, 0, 255);\">vadvir\u00e1g<\/span><br><\/p><p><br><\/p>","type":"rich"}

Ilyen az élet

<p style="font-style: italic;"><span style="color: rgb(0, 0, 255);">&nbsp;Az élet pirinyó cseppjei</span><br></p><p style="font-style: italic; text-align: justify;"><span style="color: rgb(0, 0, 255);">Egy megállót utazom a metróval. Délutáni sokadalom, sok ember együtt szorosan.Van szabad hely ,éppen csak&nbsp; leülök</span><span style="color: rgb(0, 0, 255);">, már készülődés a leszálláshoz, amikor a belső ajtó mellett dulakodásra, hangoskodásra figyelek. Egy egyetemista&nbsp; korú fiatalembernek esett neki két másik emberke. Valamit szeretnének&nbsp; elvenni tőle, de ő nem adja, ezért a kigyúrtabb jó nagyokat behúz neki, majd a kisebbik a padlóra esett fiúba kétszer jókorát belerúg.</span></p><p style="font-style: italic; text-align: justify;"><span style="color: rgb(0, 0, 255);">Pillanatok alatt történik az eset, már meg is álltunk</span><span style="color: rgb(0, 0, 255);">. A két "nagylegény", leugrik, a fiú a padlón...Még hallani, ahogy diadallal kiabálják egymásnak:-Jót behúztam neki! -Én meg jó nagyokat rúgtam belé!-, majd nevetve eltűnnek a tömegben.</span></p><p style="font-style: italic; text-align: justify;"><span style="color: rgb(0, 0, 255);">Vajon ki lesz a következő áldozatuk?!</span></p><p style="font-style: italic; text-align: justify;">----<br></p><p style="font-style: italic; text-align: justify;"><span style="color: rgb(0, 0, 255);">Ismerőssel találkozom, meséli, hogy festeni fog, mert lementett képeimet az internetről, amiket&nbsp; szeretne megfesteni. Én meg azon tűnődöm, hogy az eszébe sem jut, hogy elsétáljon&nbsp; arra a közeli helyre, és talán azt kellene megörökítenie, amit ő lát, a saját szemével...</span><span style="color: rgb(0, 0, 255);">Nem egyszerűbb a másét felhasználni?</span></p><p style="font-style: italic; text-align: justify;">----<br></p><p style="font-style: italic; text-align: justify;"><span style="color: rgb(0, 0, 255);">Pályázat gyerekeknek. Mit látok&nbsp; az eredményhirdetéskor?</span><span style="color: rgb(0, 0, 255);">A neten lévő képeim közül nem is egy szerepel a beadott munkákban. Ez bizony&nbsp; elgondolkodtat...Jobb volna innen már elköltözni.<br></span></p><p style="font-style: italic; text-align: justify;">&nbsp;----<br></p><p style="font-style: italic; text-align: justify;"><span style="color: rgb(0, 0, 255);">A klub elnöke telefonál, a nevetéstől alig tud szólni. Klubtagokkal találkozott, akik mesélték neki,&nbsp; elnéztek egy esemény időpontját, és egy héttel előbb mentek megnyitóra, mint kellett volna.A faluban meg csak csodálkoztak rajtuk.</span></p><p style="font-style: italic; text-align: justify;"><span style="color: rgb(0, 0, 255);">Hányszor vagyunk így e zűrös, kapkodó világban, hogy nem arra figyelünk eléggé, amire kellene...</span></p><p style="font-style: italic; text-align: justify;"><span style="color: rgb(0, 0, 255);">vadvirág</span><br></p><p><br></p>
