{"version":"1.0","provider_name":"vadvirag","provider_url":"https:\/\/vadvirag.cafeblog.hu","author_name":"kisiren","author_url":"https:\/\/vadvirag.cafeblog.hu\/author\/kisiren-2-2\/","title":"T\u0171n\u0151d\u00e9s az \u00e9let apr\u00f3 dolgair\u00f3l","html":"<p style=\"text-align: justify;\"><span style=\"color: rgb(0, 0, 255);\">&nbsp;<\/span><span style=\"font-style: italic;\"><span style=\"color: rgb(0, 0, 255);\">Mennyi \"\u00faj\" \u00f6tlet, <\/span><span style=\"color: rgb(0, 0, 255);\">mennyi hirtelen elhat\u00e1roz\u00e1s<\/span><span style=\"color: rgb(0, 0, 255);\">.Volt m\u00e1r ilyen egy p\u00e1rszor, azt\u00e1n mi lett bel\u0151le?M\u00e9g nagyobb k\u00e1osz.De hova ez a siets\u00e9g, kapkod\u00e1s? Eddig nem s\u00fcrgetett az id\u0151?<\/span><\/span><\/p><p style=\"font-style: italic; text-align: justify;\"><span style=\"color: rgb(0, 0, 255);\">Ha eddig is tette volna mindenki a dolg\u00e1t becs\u00fcletesen, nem itt tartan\u00e1nk! Felesleges \u00e1lland\u00f3an nagy emberek mond\u00e1s\u00e1ra&nbsp; hivatkozni, hiszen l\u00e1tnunk kell, az id\u0151 tovasz\u00e1llt. A r\u00e9gm\u00faltat visszahozni nem lehet, de azok a mond\u00e1sok nem\/r\u00e9szben \u00e9rv\u00e9nyesek ma m\u00e1r, mert lett egy \u00f3ri\u00e1si v\u00e1ltoz\u00e1s, ami befoly\u00e1solta mindannyiunk \u00e9let\u00e9t.<\/span><\/p><p style=\"font-style: italic; text-align: justify;\"><span style=\"color: rgb(0, 0, 255);\">Mennyi divatos \u00faj sz\u00f3, amit ha leford\u00edtunk magyarra, r\u00e1j\u00f6v\u00fcnk, hogy az okos, m\u0171velt, hivat\u00e1s\u00e1t szeret\u0151 pedag\u00f3gus m\u00e1r r\u00e9ges -r\u00e9gen alkalmazta azt.Nincs \u00faj a nap alatt-mondhatn\u00e1nk.<\/span><span style=\"color: rgb(0, 0, 255);\">Mint ahogyan azt is tudt\u00e1k el\u0151deink, hogy \"\u00c9p testben, \u00e9p l\u00e9lek\", \u00e9s aszerint neveltek.<\/span><\/p><p style=\"font-style: italic; text-align: justify;\"><span style=\"color: rgb(0, 0, 255);\">A nevel\u00e9s f\u0151 ter\u00fcletei k\u00f6z\u00f6tt ar\u00e1nyos volt az eloszt\u00e1s, sok-sok mindent figyelembe v\u00e9ve,\u00edgy a tant\u00e1rgyak \u00f6sszhangja harmonikusan illeszkedett egym\u00e1shoz.Mert minden nevel\u00e9si ter\u00fclet egyform\u00e1n fontos! Aki ezt nem l\u00e1tja, \u00e9s \u00fagy d\u00f6nt fontos k\u00e9rd\u00e9sekben, bizony \u00fajabb bajok el\u0151id\u00e9z\u0151je lesz. H\u00e1ny , meg h\u00e1ny p\u00e9lda van r\u00e1.<\/span><br><\/p><p style=\"font-style: italic; text-align: justify;\"><span style=\"color: rgb(0, 0, 255);\">Sokszor t\u0171n\u0151d\u00f6m.<\/span><span style=\"color: rgb(0, 0, 255);\">Hogy volt az, hogy Comenius tan\u00edtott a kicsikt\u0151l kezdve, rajzos , j\u00e1t\u00e9kos \u00e1b\u00e9c\u00e9t k\u00e9sz\u00edtett, k\u00f6nyveket, tank\u00f6nyveket \u00edrt, kutatott \u00e1lland\u00f3an, \u00e9s mindezt sikerrel. Mi\u00e9rt? Mert valamit nagyon-nagyon j\u00f3l csin\u00e1lt, ami ma is k\u00f6vetend\u0151 p\u00e9lda.A v\u00e1llalt feladatokat teljes odaad\u00e1ssal v\u00e9gezte.Al\u00e1zattal, hivat\u00e1sszeretettel.Nem volt kapzsi, telhetetlen ember. M\u00e1s \u00e9rt\u00e9krend volt fontos a sz\u00e1m\u00e1ra.Eltanulhatn\u00e1nk mi is t\u0151le <\/span><span style=\"color: rgb(0, 0, 255);\">mindezt.<\/span><\/p><p style=\"text-align: justify;\"><span style=\"font-style: italic;\"><span style=\"color: rgb(0, 0, 255);\">vadvir\u00e1g<\/span><\/span><br><\/p>","type":"rich"}

Tűnődés az élet apró dolgairól

<p style="text-align: justify;"><span style="color: rgb(0, 0, 255);">&nbsp;</span><span style="font-style: italic;"><span style="color: rgb(0, 0, 255);">Mennyi "új" ötlet, </span><span style="color: rgb(0, 0, 255);">mennyi hirtelen elhatározás</span><span style="color: rgb(0, 0, 255);">.Volt már ilyen egy párszor, aztán mi lett belőle?Még nagyobb káosz.De hova ez a sietség, kapkodás? Eddig nem sürgetett az idő?</span></span></p><p style="font-style: italic; text-align: justify;"><span style="color: rgb(0, 0, 255);">Ha eddig is tette volna mindenki a dolgát becsületesen, nem itt tartanánk! Felesleges állandóan nagy emberek mondására&nbsp; hivatkozni, hiszen látnunk kell, az idő tovaszállt. A régmúltat visszahozni nem lehet, de azok a mondások nem/részben érvényesek ma már, mert lett egy óriási változás, ami befolyásolta mindannyiunk életét.</span></p><p style="font-style: italic; text-align: justify;"><span style="color: rgb(0, 0, 255);">Mennyi divatos új szó, amit ha lefordítunk magyarra, rájövünk, hogy az okos, művelt, hivatását szerető pedagógus már réges -régen alkalmazta azt.Nincs új a nap alatt-mondhatnánk.</span><span style="color: rgb(0, 0, 255);">Mint ahogyan azt is tudták elődeink, hogy "Ép testben, ép lélek", és aszerint neveltek.</span></p><p style="font-style: italic; text-align: justify;"><span style="color: rgb(0, 0, 255);">A nevelés fő területei között arányos volt az elosztás, sok-sok mindent figyelembe véve,így a tantárgyak összhangja harmonikusan illeszkedett egymáshoz.Mert minden nevelési terület egyformán fontos! Aki ezt nem látja, és úgy dönt fontos kérdésekben, bizony újabb bajok előidézője lesz. Hány , meg hány példa van rá.</span><br></p><p style="font-style: italic; text-align: justify;"><span style="color: rgb(0, 0, 255);">Sokszor tűnődöm.</span><span style="color: rgb(0, 0, 255);">Hogy volt az, hogy Comenius tanított a kicsiktől kezdve, rajzos , játékos ábécét készített, könyveket, tankönyveket írt, kutatott állandóan, és mindezt sikerrel. Miért? Mert valamit nagyon-nagyon jól csinált, ami ma is követendő példa.A vállalt feladatokat teljes odaadással végezte.Alázattal, hivatásszeretettel.Nem volt kapzsi, telhetetlen ember. Más értékrend volt fontos a számára.Eltanulhatnánk mi is tőle </span><span style="color: rgb(0, 0, 255);">mindezt.</span></p><p style="text-align: justify;"><span style="font-style: italic;"><span style="color: rgb(0, 0, 255);">vadvirág</span></span><br></p>
