{"version":"1.0","provider_name":"vadvirag","provider_url":"https:\/\/vadvirag.cafeblog.hu","author_name":"kisiren","author_url":"https:\/\/vadvirag.cafeblog.hu\/author\/kisiren-2-2\/","title":"Ilyen az \u00e9let","html":"<p>&nbsp;<\/p><p style=\"font-style: italic; text-align: justify; font-weight: bold;\"><span style=\"color: rgb(0, 0, 255);\">Csoda<\/span><\/p><p style=\"font-style: italic; text-align: justify;\"><span style=\"color: rgb(0, 0, 255);\">Olvasom, hogy okos emberek tanulm\u00e1nyozt\u00e1k a lengyel oktat\u00e1st, amely abizonyos \u00e1talak\u00edt\u00e1sok ut\u00e1n nagyszer\u0171 eredm\u00e9nyeket \u00e9rt el, l\u00e1tv\u00e1nyos javul\u00e1st eredm\u00e9nyezett.<\/span><\/p><p style=\"font-style: italic; text-align: justify;\"><span style=\"color: rgb(0, 0, 255);\">Mert mi t\u00f6rt\u00e9nt? Az alapoz\u00e1st 6 \u00e9ven kereszt\u00fcl v\u00e9gzik, erre j\u00f6n 3 \u00e9v fels\u0151 tagozat, majd azt\u00e1n a tov\u00e1bbtanul\u00e1s k\u00f6vetkezik.<\/span><span style=\"color: rgb(0, 0, 255);\">H\u00e1rom fontos dologra \u00e9p\u00edtenek: a k\u00f6zismereti t\u00e1rgyak k\u00e9pz\u00e9s\u00e9nek magas \u00f3rasz\u00e1ma, a j\u00f3l k\u00e9pzett tan\u00e1rokra \u00e9s a j\u00f3 tanul\u00f3k h\u00faz\u00f3erej\u00e9re t\u00e1maszkodnak.<\/span><\/p><p style=\"font-style: italic; text-align: justify;\"><span style=\"color: rgb(0, 0, 255);\">R\u00e9g\u00f3ta tudjuk, hogy a k\u00f6zismereti t\u00e1rgyak \u00f3rasz\u00e1m\u00e1nak cs\u00f6kkent\u00e9se az alapoz\u00e1s hi\u00e1nyoss\u00e1g\u00e1t id\u00e9zi el\u0151, hiszen nem jut elegend\u0151 id\u0151 az olvas\u00e1s, \u00edr\u00e1s, matematika, k\u00f6rnyezetismeret kell\u0151 begyakorl\u00e1s\u00e1ra, emiatt az olvas\u00e1ssal technikai gondok, a meg\u00e9rt\u00e9ssel probl\u00e9m\u00e1k, a sz\u00e1mol\u00e1ssal neh\u00e9zs\u00e9geik lesznek nagyon sok gyereknek, ami kihat minden m\u00e1s tant\u00e1rgy meg\u00e9rt\u00e9s\u00e9re, elsaj\u00e1t\u00edt\u00e1s\u00e1ra.<\/span><\/p><p style=\"font-style: italic; text-align: justify;\"><span style=\"color: rgb(0, 0, 255);\">Akik folyamat\u00e1ban l\u00e1tj\u00e1k az alapk\u00e9pz\u00e9st \u00e9s pedag\u00f3gusk\u00e9pz\u00e9st, tudj\u00e1k, hogy a j\u00f3 pedag\u00f3gus alapja a magas szint\u0171 felk\u00e9sz\u00fclts\u00e9g, a f<\/span><span style=\"color: rgb(0, 0, 255);\">olyamatos \u00f6nm\u0171vel\u00e9s, mely bels\u0151 motiv\u00e1ci\u00f3b\u00f3l fakad.<\/span><\/p><p style=\"font-style: italic; text-align: justify;\"><span style=\"color: rgb(0, 0, 255);\">A k\u00f6z\u00f6ss\u00e9g \u00f6sszet\u00e9tele is nagyon fontos. J\u00f3, ha van az oszt\u00e1lyban sok szorgalmas, kiv\u00e1l\u00f3 di\u00e1k, mert ez h\u00faz\u00f3er\u0151 a t\u00f6bbiek sz\u00e1m\u00e1ra is, nagyon j\u00f3l \u00f6szt\u00f6nzi a \u0151ket.<\/span><\/p><p style=\"font-style: italic; text-align: justify;\"><span style=\"color: rgb(0, 0, 255);\">\u00c9n m\u00e9g hozz\u00e1tenn\u00e9m mindezek mellett a j\u00f3 tank\u00f6nyvcsal\u00e1dot is, mely felkelti a gyerekek \u00e9rdekl\u0151d\u00e9s\u00e9t, tanul\u00e1sra serkent, j\u00f3l alkalmazhat\u00f3 a tanul\u00e1si folyamatban, a meg\u00e9rt\u00e9st, gyakorl\u00e1st egyar\u00e1nt j\u00f3l szolg\u00e1lja.<\/span><\/p><p style=\"text-align: justify;\"><span style=\"font-style: italic;\"><span style=\"color: rgb(0, 0, 255);\">Nagytud\u00e1s\u00fa tan\u00e1rokt\u00f3l sokat hallottam, hogy igaz\u00e1n abb\u00f3l a pedag\u00f3gusb\u00f3l lesz j\u00f3 oktat\u00f3 \/f\u0151iskol\u00e1n, egyetemen\/, aki maga is nagyon j\u00f3l ismeri a k\u00e9pz\u00e9st az alapfokt\u00f3l kezdve, mert hajdan \u0151 is ott kezdte pedag\u00f3gusi p\u00e1lyafut\u00e1s\u00e1t. Szerencs\u00e9mre nem egy ilyen kiv\u00e1l\u00f3 tan\u00e1r tan\u00edtott, adta \u00e1t ismereteit, nem ak\u00e1rmilyen fokon...<\/span><\/span><\/p><p style=\"text-align: justify;\"><span style=\"font-style: italic;\"><span style=\"color: rgb(0, 0, 255);\">Mit is mondtak, mi az iskola?&nbsp; Olyan, mint egy&nbsp; vetem\u00e9nyeskert, aminek kell, hogy legyen j\u00f3 gazd\u00e1ja, aki felk\u00e9sz\u00fclt, kim\u0171velt, szereti munk\u00e1j\u00e1t, legyen j\u00f3l el\u0151k\u00e9sz\u00edtett talaj, melyben k\u00f6nnyebben kikelnek a magok, \u00e9s m\u00e9g sok-sok minden, de legf\u0151k\u00e9ppen a gyermek szeretete.<\/span><\/span><\/p><p style=\"text-align: justify;\"><span style=\"font-style: italic;\"><span style=\"color: rgb(0, 0, 255);\">Eszembe jut most egy szobor, mely \u00fagy \u00e1br\u00e1zolja a tan\u00edt\u00f3t a kisgyermekkel, hogy az elmond mindent. A gyermeki ragaszkod\u00e1st, a feln\u0151tt \u00f3v\u00f3-f\u00e9lt\u0151 v\u00e9delm\u00e9t, az \"\u00e9rted\" \u00e9rtelm\u00e9t.<br><\/span><\/span><\/p><p style=\"text-align: justify;\"><span style=\"font-style: italic;\"><span style=\"color: rgb(0, 0, 255);\">vadvir\u00e1g<\/span><\/span><br><\/p>","type":"rich"}

Ilyen az élet

<p>&nbsp;</p><p style="font-style: italic; text-align: justify; font-weight: bold;"><span style="color: rgb(0, 0, 255);">Csoda</span></p><p style="font-style: italic; text-align: justify;"><span style="color: rgb(0, 0, 255);">Olvasom, hogy okos emberek tanulmányozták a lengyel oktatást, amely abizonyos átalakítások után nagyszerű eredményeket ért el, látványos javulást eredményezett.</span></p><p style="font-style: italic; text-align: justify;"><span style="color: rgb(0, 0, 255);">Mert mi történt? Az alapozást 6 éven keresztül végzik, erre jön 3 év felső tagozat, majd aztán a továbbtanulás következik.</span><span style="color: rgb(0, 0, 255);">Három fontos dologra építenek: a közismereti tárgyak képzésének magas óraszáma, a jól képzett tanárokra és a jó tanulók húzóerejére támaszkodnak.</span></p><p style="font-style: italic; text-align: justify;"><span style="color: rgb(0, 0, 255);">Régóta tudjuk, hogy a közismereti tárgyak óraszámának csökkentése az alapozás hiányosságát idézi elő, hiszen nem jut elegendő idő az olvasás, írás, matematika, környezetismeret kellő begyakorlására, emiatt az olvasással technikai gondok, a megértéssel problémák, a számolással nehézségeik lesznek nagyon sok gyereknek, ami kihat minden más tantárgy megértésére, elsajátítására.</span></p><p style="font-style: italic; text-align: justify;"><span style="color: rgb(0, 0, 255);">Akik folyamatában látják az alapképzést és pedagógusképzést, tudják, hogy a jó pedagógus alapja a magas szintű felkészültség, a f</span><span style="color: rgb(0, 0, 255);">olyamatos önművelés, mely belső motivációból fakad.</span></p><p style="font-style: italic; text-align: justify;"><span style="color: rgb(0, 0, 255);">A közösség összetétele is nagyon fontos. Jó, ha van az osztályban sok szorgalmas, kiváló diák, mert ez húzóerő a többiek számára is, nagyon jól ösztönzi a őket.</span></p><p style="font-style: italic; text-align: justify;"><span style="color: rgb(0, 0, 255);">Én még hozzátenném mindezek mellett a jó tankönyvcsaládot is, mely felkelti a gyerekek érdeklődését, tanulásra serkent, jól alkalmazható a tanulási folyamatban, a megértést, gyakorlást egyaránt jól szolgálja.</span></p><p style="text-align: justify;"><span style="font-style: italic;"><span style="color: rgb(0, 0, 255);">Nagytudású tanároktól sokat hallottam, hogy igazán abból a pedagógusból lesz jó oktató /főiskolán, egyetemen/, aki maga is nagyon jól ismeri a képzést az alapfoktól kezdve, mert hajdan ő is ott kezdte pedagógusi pályafutását. Szerencsémre nem egy ilyen kiváló tanár tanított, adta át ismereteit, nem akármilyen fokon...</span></span></p><p style="text-align: justify;"><span style="font-style: italic;"><span style="color: rgb(0, 0, 255);">Mit is mondtak, mi az iskola?&nbsp; Olyan, mint egy&nbsp; veteményeskert, aminek kell, hogy legyen jó gazdája, aki felkészült, kiművelt, szereti munkáját, legyen jól előkészített talaj, melyben könnyebben kikelnek a magok, és még sok-sok minden, de legfőképpen a gyermek szeretete.</span></span></p><p style="text-align: justify;"><span style="font-style: italic;"><span style="color: rgb(0, 0, 255);">Eszembe jut most egy szobor, mely úgy ábrázolja a tanítót a kisgyermekkel, hogy az elmond mindent. A gyermeki ragaszkodást, a felnőtt óvó-féltő védelmét, az "érted" értelmét.<br></span></span></p><p style="text-align: justify;"><span style="font-style: italic;"><span style="color: rgb(0, 0, 255);">vadvirág</span></span><br></p>
