{"version":"1.0","provider_name":"vadvirag","provider_url":"https:\/\/vadvirag.cafeblog.hu","author_name":"kisiren","author_url":"https:\/\/vadvirag.cafeblog.hu\/author\/kisiren-2-2\/","title":"","html":"<P>&nbsp;<\/P>\r\n<P><IMG id=bigpic height=186 src=\"http:\/\/www.salzburg.info\/pics\/slide\/bigpic1.jpg\" width=600 border=0 name=bigpic><\/P>\r\n<P align=center>&nbsp;<\/P>\r\n<P align=center>&nbsp;<\/P>\r\n<P align=center>Nagyon sz\u00e9p term\u00e9szeti k\u00f6rnyezetben fekszik Salzburg, e barokk gy\u00f6ngyszem.<\/P>\r\n<P align=center>Mozart sz\u00fcl\u0151h\u00e1z\u00e1t l\u00e1tva, szemeim el\u0151tt megjelennek e kor itt \u00e9l\u0151 emberei, a kis zseni muzsikus, \u00e9s hallom f\u00fclemben zen\u00e9j\u00e9t. Sz\u00e1momra olyan ez a hangulat, mintha az\u00f3ta nem is telt volna el sok-sok \u00e9v...<\/P>\r\n<P align=center>Mennyi csod\u00e1latos zenei csemege gazdag\u00edtja az itt megfordul\u00f3 embereket...<\/P>\r\n<P>&nbsp;<\/P>\r\n<P>vadvir\u00e1g<\/P>\r\n<P>&nbsp;<\/P>\r\n<P>&nbsp;<\/P>\r\n<P>&nbsp;<\/P>\r\n<P><IMG height=140 src=\"http:\/\/hu.salzburg.info\/pics\/channelstart_mozart.jpg\" width=420><\/P>\r\n<P>&nbsp;&nbsp;&nbsp;&nbsp;&nbsp;&nbsp;&nbsp;&nbsp;&nbsp;&nbsp;&nbsp;&nbsp;&nbsp;&nbsp;&nbsp;&nbsp;&nbsp;&nbsp;&nbsp;&nbsp;&nbsp;&nbsp;&nbsp;&nbsp;&nbsp;&nbsp;&nbsp;&nbsp;&nbsp;&nbsp;&nbsp;&nbsp;&nbsp;&nbsp;&nbsp;&nbsp;&nbsp;&nbsp;&nbsp;&nbsp;&nbsp;&nbsp;&nbsp;&nbsp;&nbsp;&nbsp;&nbsp;&nbsp;&nbsp;&nbsp;&nbsp;&nbsp;&nbsp;&nbsp;&nbsp;&nbsp;&nbsp;&nbsp;&nbsp;&nbsp;&nbsp;&nbsp;&nbsp;&nbsp;&nbsp;&nbsp;&nbsp;&nbsp;&nbsp;&nbsp;&nbsp;&nbsp;&nbsp;&nbsp;&nbsp;&nbsp;&nbsp;&nbsp;&nbsp;&nbsp;&nbsp;&nbsp;&nbsp;&nbsp;&nbsp;&nbsp;&nbsp;&nbsp;&nbsp;&nbsp;&nbsp;&nbsp;&nbsp;&nbsp;&nbsp;&nbsp;&nbsp;&nbsp;&nbsp;&nbsp;&nbsp;&nbsp;&nbsp;&nbsp;&nbsp;&nbsp;&nbsp;&nbsp;&nbsp;&nbsp;&nbsp;&nbsp;&nbsp;&nbsp;&nbsp;&nbsp;&nbsp;<\/P>","type":"rich"}

<P>&nbsp;</P>
<P><IMG id=bigpic height=186 src="http://www.salzburg.info/pics/slide/bigpic1.jpg" width=600 border=0 name=bigpic></P>
<P align=center>&nbsp;</P>
<P align=center>&nbsp;</P>
<P align=center>Nagyon szép természeti környezetben fekszik Salzburg, e barokk gyöngyszem.</P>
<P align=center>Mozart szülőházát látva, szemeim előtt megjelennek e kor itt élő emberei, a kis zseni muzsikus, és hallom fülemben zenéjét. Számomra olyan ez a hangulat, mintha azóta nem is telt volna el sok-sok év...</P>
<P align=center>Mennyi csodálatos zenei csemege gazdagítja az itt megforduló embereket...</P>
<P>&nbsp;</P>
<P>vadvirág</P>
<P>&nbsp;</P>
<P>&nbsp;</P>
<P>&nbsp;</P>
<P><IMG height=140 src="http://hu.salzburg.info/pics/channelstart_mozart.jpg" width=420></P>
<P>&nbsp;&nbsp;&nbsp;&nbsp;&nbsp;&nbsp;&nbsp;&nbsp;&nbsp;&nbsp;&nbsp;&nbsp;&nbsp;&nbsp;&nbsp;&nbsp;&nbsp;&nbsp;&nbsp;&nbsp;&nbsp;&nbsp;&nbsp;&nbsp;&nbsp;&nbsp;&nbsp;&nbsp;&nbsp;&nbsp;&nbsp;&nbsp;&nbsp;&nbsp;&nbsp;&nbsp;&nbsp;&nbsp;&nbsp;&nbsp;&nbsp;&nbsp;&nbsp;&nbsp;&nbsp;&nbsp;&nbsp;&nbsp;&nbsp;&nbsp;&nbsp;&nbsp;&nbsp;&nbsp;&nbsp;&nbsp;&nbsp;&nbsp;&nbsp;&nbsp;&nbsp;&nbsp;&nbsp;&nbsp;&nbsp;&nbsp;&nbsp;&nbsp;&nbsp;&nbsp;&nbsp;&nbsp;&nbsp;&nbsp;&nbsp;&nbsp;&nbsp;&nbsp;&nbsp;&nbsp;&nbsp;&nbsp;&nbsp;&nbsp;&nbsp;&nbsp;&nbsp;&nbsp;&nbsp;&nbsp;&nbsp;&nbsp;&nbsp;&nbsp;&nbsp;&nbsp;&nbsp;&nbsp;&nbsp;&nbsp;&nbsp;&nbsp;&nbsp;&nbsp;&nbsp;&nbsp;&nbsp;&nbsp;&nbsp;&nbsp;&nbsp;&nbsp;&nbsp;&nbsp;&nbsp;&nbsp;&nbsp;</P>
